-2*l + 5*o + 37434. What are the prime factors of l?
13, 1439
Let w = 11614 - -4294. What are the prime factors of w?
2, 41, 97
Let k(h) = 685*h - 176. List the prime factors of k(10).
2, 47, 71
Suppose -3*y = 11*y + 59*y - 1897197. List the prime factors of y.
3, 8663
Let l(u) = 2*u**2 - 28*u - 25. Let r be l(-7). Let b = -142 + r. What are the prime factors of b?
127
Let y = -1632 - -704. Let s = -578 - y. List the prime factors of s.
2, 5, 7
Let x(f) = -f**3 + 10*f**2 - 10*f + 24. Let t be x(12). Let o = -226 - t. List the prime factors of o.
2, 79
Let i = -882 + 4909. List the prime factors of i.
4027
List the prime factors of (105/(-28) + -3)/((-3)/32048).
2, 3, 2003
Let g(s) = -s**3 - 3*s**2 + 24*s + 10. Let c = 122 + -132. What are the prime factors of g(c)?
2, 5, 47
Let k(f) = 20*f**2 + 4*f - 2. Let v(c) = 2*c + 27. Let m be v(-12). Suppose 0 = -m*l + 5*u - 6, 0*l = -3*l - u - 6. List the prime factors of k(l).
2, 5, 7
Let k(a) = 32*a - 700. What are the prime factors of k(38)?
2, 3, 43
Let f(v) = 13*v + 68. Let d be f(-14). Let b = 193 - d. What are the prime factors of b?
307
Let s be ((-100)/15)/(30/(-108)). Let r = 6 + -10. List the prime factors of r/(-6) + 416/s.
2, 3
What are the prime factors of (5/3)/5*((-2275728)/13)/(-14)?
2, 521
Let f(d) = d**2 - d - 3. Let x be f(-3). Let j be (-42)/x*(-378)/12. Suppose -4*t + 153 = -j. List the prime factors of t.
3, 5
Suppose 141*a = -58*a + 835800. What are the prime factors of a?
2, 3, 5, 7
Let p = -152 + -165. Let g be 1008/2 + -2*(3 - 1). Let i = g + p. What are the prime factors of i?
3, 61
Let m = 123 + -46. Let u be (337/(-7))/(7/(-49)). Let r = u - m. List the prime factors of r.
2, 5, 13
Let b(a) = 31*a**2 + 118*a - 1979. What are the prime factors of b(21)?
2, 5, 13, 109
Suppose 0 = -16*q - 325 - 715. Let w = q + 448. What are the prime factors of w?
383
Let i(g) = 3233*g + 239. What are the prime factors of i(2)?
3, 5, 149
Let u be ((-8)/5 - -2)*10/4. Let z be (-15 + 9)/(u/(-1)). What are the prime factors of -4*(-1 + 2/z)*24?
2
List the prime factors of ((-182256)/(-40))/((-62)/(-155)).
3, 3797
Let x(v) = 5*v**2 + 3*v - 10. Let t be x(-11). Suppose -6*n = t - 1582. List the prime factors of n - 5 - -1*4.
13
Let u = 9 + -9. Suppose u*w - 5*w + 30 = 0. Let h(o) = 9*o - 10. What are the prime factors of h(w)?
2, 11
Let t = 7 + -3. Suppose -7*l - t*y = -3*l - 28, -l + 7 = 5*y. Let o = 64 + l. What are the prime factors of o?
71
Let f(s) = 15*s - 16. Suppose 3*h = 4 + 2. Suppose w = 4*b - 2*b - 10, -3*b = h*w - 22. List the prime factors of f(b).
2, 37
Let w be ((-3)/6)/((-5)/(-6 + 1276)). Suppose 0 = -135*h + w*h + 5040. What are the prime factors of h?
2, 3, 5, 7
Suppose -100*i + 691560 = 20760. What are the prime factors of i?
2, 3, 13, 43
Let c(x) = 25 + 15 - 9 + 133*x + 76. What are the prime factors of c(7)?
2, 3, 173
Suppose -a = 3*a - 3*o - 721, -4*a - 5*o = -729. Let u = a - 119. What are the prime factors of u?
2, 31
Suppose -7*a - 2*a = 4*a - 487500. List the prime factors of a.
2, 3, 5
Let k be 2/4 + (13/2 - 3). Suppose 2*v + 6 = 0, k*l - 45 = 5*v + 18. Suppose -4*m = -l, -m - 4*m - 19 = -g. List the prime factors of g.
2, 17
Let x(h) = 7*h - 28. Let p be x(7). Suppose -33*v + p*v = -3048. What are the prime factors of v?
2, 127
Let q be 3/18 + -7 + (-133)/42. What are the prime factors of (-2592)/q + (-11 - 54/(-5))?
7, 37
Let j(a) = 601*a - 82. What are the prime factors of j(17)?
5, 2027
Let n(g) = -6*g - 3. Let x be n(-2). Let j = 6 - x. What are the prime factors of (-66)/9*j/2?
11
Suppose n = -3*y + 1, 2 = -2*y - 5*n - 19. Suppose 0 = 4*x - y*f + 7*f - 1332, -3*x + 999 = -2*f. List the prime factors of x.
3, 37
Let w = -4227 - -9598. What are the prime factors of w?
41, 131
Suppose 6*a = 2*a - 5*i + 105, -4*a + 3*i = -65. Suppose -2*y - 2*y - a = 0, 5*y + 925 = 5*t. What are the prime factors of t?
2, 3, 5
Let b be (-2 + -25)*6/72*8. List the prime factors of (1062/(-10) + 1)*45/b.
263
Suppose -780 = 4*l - 4*i, i - 777 = -3*l + 7*l. Let r = l + 598. What are the prime factors of r?
2, 101
Let u = -335 - -339. Suppose 4*z - 8*z + 1484 = 2*b, 2*b - u*z - 1516 = 0. List the prime factors of b.
2, 3, 5
List the prime factors of (-31)/((-155)/70) + 5635.
3, 7, 269
Suppose 279*m - 295*m + 20384 = 0. What are the prime factors of m?
2, 7, 13
Let h(y) = 0 - 4 - 3 + 27*y**3 - 2*y - 25*y**3. Let i be h(5). Suppose 3*m + 23 - i = 0. List the prime factors of m.
2, 5, 7
Suppose -8*w - 297 - 407 = 0. Let h = w - -90. Suppose 0 = -4*x - p + 353, 69 = x + h*p - 28. What are the prime factors of x?
3, 29
Suppose 64 - 178 = -3*r. Let f = 646 - 598. Let w = f - r. List the prime factors of w.
2, 5
Suppose -57*a + 26365 = -28*a - 24*a. What are the prime factors of a?
5273
Let d(y) be the second derivative of -11*y - 13*y**2 + 0 + 3/2*y**3. What are the prime factors of d(7)?
37
Let b be ((-248)/(-28))/((-8)/(-168)). Suppose 3*h = t - 1018, -5*h = t - 864 - b. List the prime factors of t.
2, 5, 103
Let n = -98 - -101. Suppose 3*s + 12 = 0, 2061 - 17 = n*q - 4*s. Suppose 2*d - 302 = -5*l + q, d = l - 190. List the prime factors of l.
2, 97
Let y = -5341 + 3562. Let k = -1059 - y. List the prime factors of k.
2, 3, 5
Suppose -5*i + 20233 = -4*i - 3*y, 5*i - 101165 = -2*y. List the prime factors of i.
20233
Suppose 5*v - 25 = -22*t + 20*t, -9 = -3*t + 2*v. Suppose 186 + 342 = 5*q - 2*p, -q - t*p + 84 = 0. What are the prime factors of q?
2, 13
Suppose -2*l + 51436 = -5*r, -23 = -4*r + 1. List the prime factors of l.
25733
Suppose 2*t = -5*q + 128841, 0 = 168*t - 165*t - 9. List the prime factors of q.
3, 7, 409
Suppose 42251 = -103*x + 430046. What are the prime factors of x?
3, 5, 251
Let t(v) = 65 + 24 + 467*v - 418*v. What are the prime factors of t(10)?
3, 193
Suppose 0 = 2*j - 8, q - 13 = -2*j + 18. Let r(o) = -o**3 - 3*o**2 + 3*o - 2. Let c be r(-4). Suppose l - q = -c. What are the prime factors of l?
3, 7
Let h be (15/(-5))/9*-1317. Let c = h - 148. What are the prime factors of c?
3, 97
Let p be 3/(-5) + (-740)/(-25). Let s = 5 + p. List the prime factors of 1 + s - 18/(-9).
37
Suppose -7*j - 21425 + 62704 = 0. List the prime factors of j.
5897
Suppose f + 3331 = -j, 2*f - 3*j + 6655 = 2*j. Let m be f/(-40) + (-3)/(-4). Suppose -4 = 2*u - 8, 2*n + 3*u = m. What are the prime factors of n?
3, 13
Suppose -1893*c = -1892*c - 9660. What are the prime factors of c?
2, 3, 5, 7, 23
Let c = -3 + 2. Let j be (-6)/2*c/3. List the prime factors of 178/j + 2 + (-18)/(-9).
2, 7, 13
Suppose -4*g - 7057 = -b, -3*g - 18892 = -5*b + 16342. List the prime factors of b.
5, 1409
Suppose 0 = 25*f - 287026 - 142439 + 108265. What are the prime factors of f?
2, 11, 73
Suppose 0 = 5*n - d - 9020, 7*n = 12*n + d - 9030. List the prime factors of n.
5, 19
What are the prime factors of (-240 - (0 + 10))/(-2*(-1)/(-175))?
5, 7
Suppose -6*m + 12 + 6 = 0. Suppose -4*p = d - 793, 3*p - 563 = -m*d + 43. Let x = -33 + p. List the prime factors of x.
2, 41
Suppose -2*i = 30*l - 31*l - 28309, -l = 1. What are the prime factors of i?
2, 3, 7, 337
Let z be 145/(-8) + 29/232. Let k = z + 220. List the prime factors of k.
2, 101
Let d = 100 - -58. Let b = -58 - d. What are the prime factors of -3 - (-1)/((-3)/b)?
3, 23
Let a(s) = s**3 + 9*s**2 - 9. Let j be a(-9). Let n = j + 13. List the prime factors of 19 + n + 0 + -5.
2, 3
Suppose -492*p = -481*p - 38214. List the prime factors of p.
2, 3, 193
Let k = 74 + 6. Suppose 0 = u + 3*u + 80. Let i = u + k. What are the prime factors of i?
2, 3, 5
Let l(z) = -3*z - 21. Let y be l(-7). Suppose -141*a + 139*a + 2366 = y. What are the prime factors of a?
7, 13
Let c = -114 + 186. Let j = 382 - c. What are the prime factors of j?
2, 5, 31
Let t be (-12)/3 - (-33 + 2). Let p be (72/t)/((-4)/6). List the prime factors of (-1635)/(-9) + p/(-12).
2, 7, 13
Let k(m) = m**3 + 12*m**2 - 192*m + 33. What are the prime factors of k(-20)?
673
Let g(h) = h**2 - 13*h + 1. Let f be g(14). Let a = f + -16. List the prime factors of (4 + -3)/a + 18.
17
Suppose 5*a + 5*w = 77320, 5*w - 4*w = 6*a - 92833. What are the prime factors of a?
3, 191
Suppose -5*c - 2*o + 155 = 0, 3*c - 67 - 47 = 3*o. Let g = c + 417. List the prime factors of g.
2, 3, 5
Suppose -58 = -5*l + v + 11, 2*l - 30